{"id":270,"date":"2023-05-06T10:37:11","date_gmt":"2023-05-06T10:37:11","guid":{"rendered":"https:\/\/audaxrenovables.es\/?page_id=270"},"modified":"2024-07-10T10:24:22","modified_gmt":"2024-07-10T10:24:22","slug":"entender-la-factura-de-la-luz","status":"publish","type":"page","link":"https:\/\/www.audaxrenovables.es\/es\/te-ayudamos\/entender-la-factura-de-la-luz\/","title":{"rendered":"Entender la factura de la luz"},"content":{"rendered":"","protected":false},"excerpt":{"rendered":"","protected":false},"author":1,"featured_media":3463,"parent":237,"menu_order":0,"comment_status":"closed","ping_status":"closed","template":"","meta":{"content-type":"","footnotes":""},"class_list":["post-270","page","type-page","status-publish","has-post-thumbnail","hentry"],"yoast_head":"<!-- This site is optimized with the Yoast SEO plugin v23.5 - https:\/\/yoast.com\/wordpress\/plugins\/seo\/ -->\n<title>Entender la factura de la luz - Audax Renovables<\/title>\n<meta name=\"description\" content=\"\u00bfEntiendes tu factura de la luz? Te explicamos todos los detalles desglosando todos los conceptos que componen tu factura\" \/>\n<meta name=\"robots\" content=\"index, follow, max-snippet:-1, max-image-preview:large, max-video-preview:-1\" \/>\n<link rel=\"canonical\" href=\"https:\/\/www.audaxrenovables.es\/es\/tajudem\/entendre-la-factura-de-la-llum\/\" \/>\n<meta property=\"og:locale\" content=\"es_ES\" \/>\n<meta property=\"og:type\" content=\"article\" \/>\n<meta property=\"og:title\" content=\"Entender la factura de la luz - Audax Renovables\" \/>\n<meta property=\"og:description\" content=\"\u00bfEntiendes tu factura de la luz? Te explicamos todos los detalles desglosando todos los conceptos que componen tu factura\" \/>\n<meta property=\"og:url\" content=\"https:\/\/www.audaxrenovables.es\/es\/tajudem\/entendre-la-factura-de-la-llum\/\" \/>\n<meta property=\"og:site_name\" content=\"Audax Renovables\" \/>\n<meta property=\"article:modified_time\" content=\"2024-07-10T10:24:22+00:00\" \/>\n<meta property=\"og:image\" content=\"https:\/\/www.audaxrenovables.es\/wp-content\/uploads\/2023\/12\/Entender-tu-Factura-2024-scaled.jpg\" \/>\n\t<meta property=\"og:image:width\" content=\"1809\" \/>\n\t<meta property=\"og:image:height\" content=\"2560\" \/>\n\t<meta property=\"og:image:type\" content=\"image\/jpeg\" \/>\n<meta name=\"twitter:card\" content=\"summary_large_image\" \/>\n<!-- \/ Yoast SEO plugin. -->","yoast_head_json":{"title":"Entender la factura de la luz - Audax Renovables","description":"\u00bfEntiendes tu factura de la luz? Te explicamos todos los detalles desglosando todos los conceptos que componen tu factura","robots":{"index":"index","follow":"follow","max-snippet":"max-snippet:-1","max-image-preview":"max-image-preview:large","max-video-preview":"max-video-preview:-1"},"canonical":"https:\/\/www.audaxrenovables.es\/es\/tajudem\/entendre-la-factura-de-la-llum\/","og_locale":"es_ES","og_type":"article","og_title":"Entender la factura de la luz - Audax Renovables","og_description":"\u00bfEntiendes tu factura de la luz? Te explicamos todos los detalles desglosando todos los conceptos que componen tu factura","og_url":"https:\/\/www.audaxrenovables.es\/es\/tajudem\/entendre-la-factura-de-la-llum\/","og_site_name":"Audax Renovables","article_modified_time":"2024-07-10T10:24:22+00:00","og_image":[{"width":1809,"height":2560,"url":"https:\/\/www.audaxrenovables.es\/wp-content\/uploads\/2023\/12\/Entender-tu-Factura-2024-scaled.jpg","type":"image\/jpeg"}],"twitter_card":"summary_large_image","schema":{"@context":"https:\/\/schema.org","@graph":[{"@type":["WebPage","QAPage"],"@id":"https:\/\/www.audaxrenovables.es\/ca\/tajudem\/entendre-la-factura-de-la-llum\/","url":"https:\/\/www.audaxrenovables.es\/ca\/tajudem\/entendre-la-factura-de-la-llum\/","name":"Entender la factura de la luz - Audax Renovables","isPartOf":{"@id":"https:\/\/www.audaxrenovables.es\/ca\/#website"},"primaryImageOfPage":{"@id":"https:\/\/www.audaxrenovables.es\/ca\/tajudem\/entendre-la-factura-de-la-llum\/#primaryimage"},"image":{"@id":"https:\/\/www.audaxrenovables.es\/ca\/tajudem\/entendre-la-factura-de-la-llum\/#primaryimage"},"thumbnailUrl":"https:\/\/www.audaxrenovables.es\/wp-content\/uploads\/2023\/12\/Entender-tu-Factura-2024-scaled.jpg","datePublished":"2023-05-06T10:37:11+00:00","dateModified":"2024-07-10T10:24:22+00:00","description":"\u00bfEntiendes tu factura de la luz? Te explicamos todos los detalles desglosando todos los conceptos que componen tu factura","breadcrumb":{"@id":"https:\/\/www.audaxrenovables.es\/ca\/tajudem\/entendre-la-factura-de-la-llum\/#breadcrumb"},"inLanguage":"es","potentialAction":[{"@type":"ReadAction","target":["https:\/\/www.audaxrenovables.es\/ca\/tajudem\/entendre-la-factura-de-la-llum\/"]}]},{"@type":"ImageObject","inLanguage":"es","@id":"https:\/\/www.audaxrenovables.es\/ca\/tajudem\/entendre-la-factura-de-la-llum\/#primaryimage","url":"https:\/\/www.audaxrenovables.es\/wp-content\/uploads\/2023\/12\/Entender-tu-Factura-2024-scaled.jpg","contentUrl":"https:\/\/www.audaxrenovables.es\/wp-content\/uploads\/2023\/12\/Entender-tu-Factura-2024-scaled.jpg","width":1809,"height":2560,"caption":"Factura Luz"},{"@type":"BreadcrumbList","@id":"https:\/\/www.audaxrenovables.es\/ca\/tajudem\/entendre-la-factura-de-la-llum\/#breadcrumb","itemListElement":[{"@type":"ListItem","position":1,"name":"Portada","item":"https:\/\/www.audaxrenovables.es\/es\/"},{"@type":"ListItem","position":2,"name":"Te ayudamos","item":"https:\/\/www.audaxrenovables.es\/ca\/tajudem\/"},{"@type":"ListItem","position":3,"name":"Entender la factura de la luz"}]},{"@type":"WebSite","@id":"https:\/\/www.audaxrenovables.es\/ca\/#website","url":"https:\/\/www.audaxrenovables.es\/ca\/","name":"Audax Renovables","description":"Compa\u00f1\u00eda independiente dedicada a la producci\u00f3n de energ\u00eda el\u00e9ctrica a partir de fuentes de energ\u00eda 100% renovables","publisher":{"@id":"https:\/\/www.audaxrenovables.es\/ca\/#organization"},"potentialAction":[{"@type":"SearchAction","target":{"@type":"EntryPoint","urlTemplate":"https:\/\/www.audaxrenovables.es\/ca\/?s={search_term_string}"},"query-input":{"@type":"PropertyValueSpecification","valueRequired":true,"valueName":"search_term_string"}}],"inLanguage":"es"},{"@type":"Organization","@id":"https:\/\/www.audaxrenovables.es\/ca\/#organization","name":"Audax Renovables","alternateName":"Audax Energ\u00eda","url":"https:\/\/www.audaxrenovables.es\/ca\/","logo":{"@type":"ImageObject","inLanguage":"es","@id":"https:\/\/www.audaxrenovables.es\/ca\/#\/schema\/logo\/image\/","url":"https:\/\/www.audaxrenovables.es\/wp-content\/uploads\/2023\/04\/logo.png","contentUrl":"https:\/\/www.audaxrenovables.es\/wp-content\/uploads\/2023\/04\/logo.png","width":197,"height":125,"caption":"Audax Renovables"},"image":{"@id":"https:\/\/www.audaxrenovables.es\/ca\/#\/schema\/logo\/image\/"},"sameAs":["https:\/\/www.instagram.com\/audaxrenovables\/","https:\/\/x.com\/AudaxRenovables","https:\/\/www.youtube.com\/user\/AudaxEnergia","https:\/\/www.tiktok.com\/@audaxrenovables","https:\/\/www.linkedin.com\/company\/203502\/admin\/"]}]}},"_links":{"self":[{"href":"https:\/\/www.audaxrenovables.es\/es\/wp-json\/wp\/v2\/pages\/270","targetHints":{"allow":["GET"]}}],"collection":[{"href":"https:\/\/www.audaxrenovables.es\/es\/wp-json\/wp\/v2\/pages"}],"about":[{"href":"https:\/\/www.audaxrenovables.es\/es\/wp-json\/wp\/v2\/types\/page"}],"author":[{"embeddable":true,"href":"https:\/\/www.audaxrenovables.es\/es\/wp-json\/wp\/v2\/users\/1"}],"replies":[{"embeddable":true,"href":"https:\/\/www.audaxrenovables.es\/es\/wp-json\/wp\/v2\/comments?post=270"}],"version-history":[{"count":1,"href":"https:\/\/www.audaxrenovables.es\/es\/wp-json\/wp\/v2\/pages\/270\/revisions"}],"predecessor-version":[{"id":271,"href":"https:\/\/www.audaxrenovables.es\/es\/wp-json\/wp\/v2\/pages\/270\/revisions\/271"}],"up":[{"embeddable":true,"href":"https:\/\/www.audaxrenovables.es\/es\/wp-json\/wp\/v2\/pages\/237"}],"wp:featuredmedia":[{"embeddable":true,"href":"https:\/\/www.audaxrenovables.es\/es\/wp-json\/wp\/v2\/media\/3463"}],"wp:attachment":[{"href":"https:\/\/www.audaxrenovables.es\/es\/wp-json\/wp\/v2\/media?parent=270"}],"curies":[{"name":"wp","href":"https:\/\/api.w.org\/{rel}","templated":true}]}}

Compañía independiente dedicada a la producción de energía eléctrica a partir de fuentes de energía 100% renovables

Audax Energía
